Last updated on 2025-10-12 20:49:46 CEST.
Flavor | Version | Tinstall | Tcheck | Ttotal | Status | Flags |
---|---|---|---|---|---|---|
r-devel-linux-x86_64-debian-clang | 1.2.3 | 11.82 | 161.34 | 173.16 | NOTE | |
r-devel-linux-x86_64-debian-gcc | 1.2.3 | 9.73 | 119.98 | 129.71 | NOTE | |
r-devel-linux-x86_64-fedora-clang | 1.2.3 | 274.39 | NOTE | |||
r-devel-linux-x86_64-fedora-gcc | 1.2.3 | 269.26 | NOTE | |||
r-devel-windows-x86_64 | 1.2.3 | 15.00 | 240.00 | 255.00 | NOTE | |
r-patched-linux-x86_64 | 1.2.3 | 12.74 | 154.37 | 167.11 | NOTE | |
r-release-linux-x86_64 | 1.2.3 | 11.80 | 153.08 | 164.88 | NOTE | |
r-release-macos-arm64 | 1.2.3 | 87.00 | OK | |||
r-release-macos-x86_64 | 1.2.3 | 171.00 | OK | |||
r-release-windows-x86_64 | 1.2.3 | 15.00 | 243.00 | 258.00 | NOTE | |
r-oldrel-macos-arm64 | 1.2.3 | 94.00 | OK | |||
r-oldrel-macos-x86_64 | 1.2.3 | 145.00 | OK | |||
r-oldrel-windows-x86_64 | 1.2.3 | 21.00 | 263.00 | 284.00 | OK |
Version: 1.2.3
Check: Rd cross-references
Result: NOTE
Found the following Rd file(s) with Rd \link{} targets missing package
anchors:
plot.spv.Rd: stat_binhex, grid.arrange, ggplot
vdg-package.Rd: theme
Please provide package anchors for all Rd \link{} targets not in the
package itself and the base packages.
Flavors: r-devel-linux-x86_64-debian-clang, r-devel-linux-x86_64-debian-gcc, r-devel-windows-x86_64, r-patched-linux-x86_64, r-release-linux-x86_64, r-release-windows-x86_64
Version: 1.2.3
Check: compiled code
Result: NOTE
File ‘vdg/libs/vdg.so’:
Found no calls to: ‘R_registerRoutines’, ‘R_useDynamicSymbols’
It is good practice to register native routines and to disable symbol
search.
See ‘Writing portable packages’ in the ‘Writing R Extensions’ manual.
Flavors: r-devel-linux-x86_64-fedora-clang, r-devel-linux-x86_64-fedora-gcc