CRAN Package Check Results for Package sweidnumbr

Last updated on 2025-10-12 20:49:44 CEST.

Flavor Version Tinstall Tcheck Ttotal Status Flags
r-devel-linux-x86_64-debian-clang 1.5.0 2.43 59.76 62.19 NOTE
r-devel-linux-x86_64-debian-gcc 1.5.0 1.55 43.99 45.54 NOTE
r-devel-linux-x86_64-fedora-clang 1.5.0 97.57 OK
r-devel-linux-x86_64-fedora-gcc 1.5.0 109.60 OK
r-devel-windows-x86_64 1.5.0 4.00 86.00 90.00 OK
r-patched-linux-x86_64 1.5.0 2.82 57.57 60.39 OK
r-release-linux-x86_64 1.5.0 2.25 57.53 59.78 OK
r-release-macos-arm64 1.5.0 51.00 OK
r-release-macos-x86_64 1.5.0 81.00 OK
r-release-windows-x86_64 1.5.0 4.00 88.00 92.00 OK
r-oldrel-macos-arm64 1.5.0 39.00 OK
r-oldrel-macos-x86_64 1.5.0 58.00 OK
r-oldrel-windows-x86_64 1.5.0 5.00 107.00 112.00 OK

Check Details

Version: 1.5.0
Check: CRAN incoming feasibility
Result: NOTE Maintainer: ‘Mans Magnusson <mons.magnusson@gmail.com>’ No Authors@R field in DESCRIPTION. Please add one, modifying Authors@R: c(person(given = "Mans", family = "Magnusson", role = c("aut", "cre"), email = "mons.magnusson@gmail.com"), person(given = "Erik", family = "Bulow", role = "aut")) as necessary. Flavors: r-devel-linux-x86_64-debian-clang, r-devel-linux-x86_64-debian-gcc