CRAN Package Check Results for Package spectral

Last updated on 2025-10-12 08:50:14 CEST.

Flavor Version Tinstall Tcheck Ttotal Status Flags
r-devel-linux-x86_64-debian-clang 2.0 3.98 36.77 40.75 NOTE
r-devel-linux-x86_64-debian-gcc 2.0 2.64 28.81 31.45 NOTE
r-devel-linux-x86_64-fedora-clang 2.0 64.57 OK
r-devel-linux-x86_64-fedora-gcc 2.0 59.73 OK
r-devel-windows-x86_64 2.0 7.00 62.00 69.00 OK
r-patched-linux-x86_64 2.0 4.49 35.28 39.77 OK
r-release-linux-x86_64 2.0 3.69 34.95 38.64 OK
r-release-macos-arm64 2.0 22.00 OK
r-release-macos-x86_64 2.0 37.00 OK
r-release-windows-x86_64 2.0 7.00 71.00 78.00 OK
r-oldrel-macos-arm64 2.0 21.00 OK
r-oldrel-macos-x86_64 2.0 28.00 OK
r-oldrel-windows-x86_64 2.0 6.00 71.00 77.00 OK

Check Details

Version: 2.0
Check: CRAN incoming feasibility
Result: NOTE Maintainer: ‘Martin Seilmayer <martin.seilmayer@gmail.com>’ No Authors@R field in DESCRIPTION. Please add one, modifying Authors@R: person(given = "Martin", family = "Seilmayer", role = c("aut", "cre"), email = "martin.seilmayer@gmail.com") as necessary. Flavors: r-devel-linux-x86_64-debian-clang, r-devel-linux-x86_64-debian-gcc