CRAN Package Check Results for Package simMSM

Last updated on 2025-10-12 20:49:42 CEST.

Flavor Version Tinstall Tcheck Ttotal Status Flags
r-devel-linux-x86_64-debian-clang 1.1.42 9.26 64.05 73.31 NOTE
r-devel-linux-x86_64-debian-gcc 1.1.42 5.95 47.04 52.99 NOTE
r-devel-linux-x86_64-fedora-clang 1.1.42 111.46 OK
r-devel-linux-x86_64-fedora-gcc 1.1.42 103.28 OK
r-devel-windows-x86_64 1.1.42 10.00 75.00 85.00 OK
r-patched-linux-x86_64 1.1.42 8.19 61.31 69.50 OK
r-release-linux-x86_64 1.1.42 8.68 61.45 70.13 OK
r-release-macos-arm64 1.1.42 36.00 OK
r-release-macos-x86_64 1.1.42 63.00 OK
r-release-windows-x86_64 1.1.42 9.00 76.00 85.00 OK
r-oldrel-macos-arm64 1.1.42 32.00 OK
r-oldrel-macos-x86_64 1.1.42 49.00 OK
r-oldrel-windows-x86_64 1.1.42 13.00 90.00 103.00 OK

Check Details

Version: 1.1.42
Check: CRAN incoming feasibility
Result: NOTE Maintainer: ‘Holger Reulen <hreulen@uni-goettingen.de>’ No Authors@R field in DESCRIPTION. Please add one, modifying Authors@R: person(given = "Holger", family = "Reulen", role = c("aut", "cre"), email = "hreulen@uni-goettingen.de") as necessary. Flavors: r-devel-linux-x86_64-debian-clang, r-devel-linux-x86_64-debian-gcc