Last updated on 2025-10-14 20:02:00 CEST.
Flavor | Version | Tinstall | Tcheck | Ttotal | Status | Flags |
---|---|---|---|---|---|---|
r-devel-linux-x86_64-debian-clang | 4.3.1 | 566.98 | 54.76 | 621.74 | OK | |
r-devel-linux-x86_64-debian-gcc | 4.3.1 | 546.20 | 40.64 | 586.84 | ERROR | |
r-devel-linux-x86_64-fedora-clang | 4.3.1 | 1349.49 | ERROR | |||
r-devel-linux-x86_64-fedora-gcc | 4.3.1 | 1635.46 | ERROR | |||
r-devel-windows-x86_64 | 4.3.1 | 802.00 | 122.00 | 924.00 | OK | |
r-patched-linux-x86_64 | 4.3.1 | 762.47 | 51.45 | 813.92 | OK | |
r-release-linux-x86_64 | 4.3.1 | 754.34 | 52.22 | 806.56 | OK | |
r-release-macos-arm64 | 4.3.1 | 314.00 | OK | |||
r-release-macos-x86_64 | 4.3.1 | 310.00 | OK | |||
r-release-windows-x86_64 | 4.3.1 | 809.00 | 131.00 | 940.00 | OK | |
r-oldrel-macos-arm64 | 4.3.1 | 307.00 | NOTE | |||
r-oldrel-macos-x86_64 | 4.3.1 | 303.00 | NOTE | |||
r-oldrel-windows-x86_64 | 4.3.1 | 1008.00 | 155.00 | 1163.00 | OK |
Version: 4.3.1
Check: examples
Result: ERROR
Running examples in ‘multinet-Ex.R’ failed
The error most likely occurred in:
> base::assign(".ptime", proc.time(), pos = "CheckExEnv")
> ### Name: multinet.conversion
> ### Title: Conversion to a simple or multi graph
> ### Aliases: multinet.conversion as.igraph.multinet
> ### as.igraph.Rcpp_RMLNetwork
>
> ### ** Examples
>
> net <- ml_aucs()
> # using the default merge.actors=TRUE we create a multigraph,
> # where each actor corresponds to a vertex in the result
> multigraph <- as.igraph(net)
Error in `make_empty_graph()`:
! `directed` must be a logical, not a number.
Backtrace:
▆
1. ├─igraph::as.igraph(net)
2. └─multinet:::as.igraph.Rcpp_RMLNetwork(net)
3. └─igraph::graph_from_data_frame(vertices = a_df, e_df, directed = dir)
4. └─igraph::make_empty_graph(n = 0, directed = directed)
5. └─cli::cli_abort("{.arg directed} must be a logical, not {.obj_type_friendly {directed}}.")
6. └─rlang::abort(...)
Execution halted
Flavor: r-devel-linux-x86_64-debian-gcc
Version: 4.3.1
Check: examples
Result: ERROR
Running examples in ‘multinet-Ex.R’ failed
The error most likely occurred in:
> ### Name: multinet.conversion
> ### Title: Conversion to a simple or multi graph
> ### Aliases: multinet.conversion as.igraph.multinet
> ### as.igraph.Rcpp_RMLNetwork
>
> ### ** Examples
>
> net <- ml_aucs()
> # using the default merge.actors=TRUE we create a multigraph,
> # where each actor corresponds to a vertex in the result
> multigraph <- as.igraph(net)
Error in `make_empty_graph()`:
! `directed` must be a logical, not a number.
Backtrace:
▆
1. ├─igraph::as.igraph(net)
2. └─multinet:::as.igraph.Rcpp_RMLNetwork(net)
3. └─igraph::graph_from_data_frame(vertices = a_df, e_df, directed = dir)
4. └─igraph::make_empty_graph(n = 0, directed = directed)
5. └─cli::cli_abort("{.arg directed} must be a logical, not {.obj_type_friendly {directed}}.")
6. └─rlang::abort(...)
Execution halted
Flavors: r-devel-linux-x86_64-fedora-clang, r-devel-linux-x86_64-fedora-gcc
Version: 4.3.1
Check: installed package size
Result: NOTE
installed size is 97.8Mb
sub-directories of 1Mb or more:
libs 97.5Mb
Flavors: r-oldrel-macos-arm64, r-oldrel-macos-x86_64