Last updated on 2025-10-12 20:49:35 CEST.
Flavor | Version | Tinstall | Tcheck | Ttotal | Status | Flags |
---|---|---|---|---|---|---|
r-devel-linux-x86_64-debian-clang | 0.1.2 | 2.58 | 33.34 | 35.92 | NOTE | |
r-devel-linux-x86_64-debian-gcc | 0.1.2 | 2.17 | 26.53 | 28.70 | NOTE | |
r-devel-linux-x86_64-fedora-clang | 0.1.2 | 54.88 | OK | |||
r-devel-linux-x86_64-fedora-gcc | 0.1.2 | 64.84 | OK | |||
r-devel-windows-x86_64 | 0.1.2 | 4.00 | 49.00 | 53.00 | OK | |
r-patched-linux-x86_64 | 0.1.2 | 2.57 | 30.46 | 33.03 | OK | |
r-release-linux-x86_64 | 0.1.2 | 2.62 | 30.89 | 33.51 | OK | |
r-release-macos-arm64 | 0.1.2 | 41.00 | OK | |||
r-release-macos-x86_64 | 0.1.2 | 50.00 | OK | |||
r-release-windows-x86_64 | 0.1.2 | 5.00 | 58.00 | 63.00 | OK | |
r-oldrel-macos-arm64 | 0.1.2 | 26.00 | OK | |||
r-oldrel-macos-x86_64 | 0.1.2 | 39.00 | OK | |||
r-oldrel-windows-x86_64 | 0.1.2 | 5.00 | 61.00 | 66.00 | OK |
Version: 0.1.2
Check: CRAN incoming feasibility
Result: NOTE
Maintainer: ‘Phil Ferriere <pferriere@hotmail.com>’
Found the following (possibly) invalid file URI:
URI: ./CONDUCT.md
From: README.md
Flavors: r-devel-linux-x86_64-debian-clang, r-devel-linux-x86_64-debian-gcc