CRAN Package Check Results for Package mhcnuggetsr

Last updated on 2025-10-12 08:50:04 CEST.

Flavor Version Tinstall Tcheck Ttotal Status Flags
r-devel-linux-x86_64-debian-clang 1.1 2.30 35.48 37.78 NOTE
r-devel-linux-x86_64-debian-gcc 1.1 1.75 48.36 50.11 NOTE
r-devel-linux-x86_64-fedora-clang 1.1 106.84 OK
r-devel-linux-x86_64-fedora-gcc 1.1 113.64 OK
r-devel-windows-x86_64 1.1 5.00 121.00 126.00 OK
r-patched-linux-x86_64 1.1 2.67 33.73 36.40 OK
r-release-linux-x86_64 1.1 2.39 33.95 36.34 OK
r-release-macos-arm64 1.1 68.00 OK
r-release-macos-x86_64 1.1 102.00 OK
r-release-windows-x86_64 1.1 4.00 128.00 132.00 OK
r-oldrel-macos-arm64 1.1 46.00 NOTE
r-oldrel-macos-x86_64 1.1 72.00 NOTE
r-oldrel-windows-x86_64 1.1 5.00 172.00 177.00 NOTE

Check Details

Version: 1.1
Check: CRAN incoming feasibility
Result: NOTE Maintainer: ‘Richèl J.C. Bilderbeek <richel@richelbilderbeek.nl>’ The BugReports field in DESCRIPTION has https://github.com/richelbilderbeek/mhcnuggetsr which should likely be https://github.com/richelbilderbeek/mhcnuggetsr/issues instead. Flavors: r-devel-linux-x86_64-debian-clang, r-devel-linux-x86_64-debian-gcc

Version: 1.1
Check: LazyData
Result: NOTE 'LazyData' is specified without a 'data' directory Flavors: r-oldrel-macos-arm64, r-oldrel-macos-x86_64, r-oldrel-windows-x86_64