CRAN Package Check Results for Package mglmn

Last updated on 2025-10-12 20:49:34 CEST.

Flavor Version Tinstall Tcheck Ttotal Status Flags
r-devel-linux-x86_64-debian-clang 0.1.0 2.59 38.11 40.70 NOTE
r-devel-linux-x86_64-debian-gcc 0.1.0 2.26 28.65 30.91 NOTE
r-devel-linux-x86_64-fedora-clang 0.1.0 62.58 OK
r-devel-linux-x86_64-fedora-gcc 0.1.0 57.64 OK
r-devel-windows-x86_64 0.1.0 4.00 53.00 57.00 OK
r-patched-linux-x86_64 0.1.0 3.07 36.68 39.75 OK
r-release-linux-x86_64 0.1.0 2.50 36.22 38.72 OK
r-release-macos-arm64 0.1.0 23.00 OK
r-release-macos-x86_64 0.1.0 40.00 OK
r-release-windows-x86_64 0.1.0 4.00 56.00 60.00 OK
r-oldrel-macos-arm64 0.1.0 21.00 OK
r-oldrel-macos-x86_64 0.1.0 33.00 OK
r-oldrel-windows-x86_64 0.1.0 4.00 65.00 69.00 OK

Check Details

Version: 0.1.0
Check: CRAN incoming feasibility
Result: NOTE Maintainer: ‘Masatoshi Katabuchi <mattocci27@gmail.com>’ No Authors@R field in DESCRIPTION. Please add one, modifying Authors@R: c(person(given = "Masatoshi", family = "Katabuchi", role = c("aut", "cre"), email = "mattocci27@gmail.com"), person(given = "Akihiro", family = "Nakamura", role = "aut")) as necessary. Package CITATION file contains call(s) to old-style citEntry(). Please use bibentry() instead. Flavors: r-devel-linux-x86_64-debian-clang, r-devel-linux-x86_64-debian-gcc