Last updated on 2025-10-12 08:49:59 CEST.
Flavor | Version | Tinstall | Tcheck | Ttotal | Status | Flags |
---|---|---|---|---|---|---|
r-devel-linux-x86_64-debian-clang | 0.4.0 | 17.15 | 173.61 | 190.76 | OK | |
r-devel-linux-x86_64-debian-gcc | 0.4.0 | 12.64 | 122.21 | 134.85 | OK | |
r-devel-linux-x86_64-fedora-clang | 0.4.0 | 310.46 | NOTE | |||
r-devel-linux-x86_64-fedora-gcc | 0.4.0 | 312.73 | NOTE | |||
r-devel-windows-x86_64 | 0.4.0 | 20.00 | 153.00 | 173.00 | OK | |
r-patched-linux-x86_64 | 0.4.0 | 15.94 | 163.09 | 179.03 | OK | |
r-release-linux-x86_64 | 0.4.0 | 18.09 | 162.00 | 180.09 | OK | |
r-release-macos-arm64 | 0.4.0 | 75.00 | OK | |||
r-release-macos-x86_64 | 0.4.0 | 144.00 | OK | |||
r-release-windows-x86_64 | 0.4.0 | 21.00 | 157.00 | 178.00 | OK | |
r-oldrel-macos-arm64 | 0.4.0 | 72.00 | OK | |||
r-oldrel-macos-x86_64 | 0.4.0 | 112.00 | OK | |||
r-oldrel-windows-x86_64 | 0.4.0 | 27.00 | 205.00 | 232.00 | OK |
Version: 0.4.0
Check: dependencies in R code
Result: NOTE
Namespaces in Imports field not imported from:
‘GGEBiplots’ ‘calibrate’ ‘graphics’ ‘matrixStats’ ‘prettydoc’
‘reshape2’
All declared Imports should be used.
Flavors: r-devel-linux-x86_64-fedora-clang, r-devel-linux-x86_64-fedora-gcc