CRAN Package Check Results for Package fastrep

Last updated on 2025-10-12 20:49:29 CEST.

Flavor Version Tinstall Tcheck Ttotal Status Flags
r-devel-linux-x86_64-debian-clang 0.7 3.95 46.05 50.00 OK
r-devel-linux-x86_64-debian-gcc 0.7 2.54 34.59 37.13 OK
r-devel-linux-x86_64-fedora-clang 0.7 78.32 NOTE
r-devel-linux-x86_64-fedora-gcc 0.7 86.83 NOTE
r-devel-windows-x86_64 0.7 6.00 59.00 65.00 OK
r-patched-linux-x86_64 0.7 3.00 41.60 44.60 OK
r-release-linux-x86_64 0.7 3.91 42.09 46.00 OK
r-release-macos-arm64 0.7 31.00 OK
r-release-macos-x86_64 0.7 61.00 OK
r-release-windows-x86_64 0.7 8.00 62.00 70.00 OK
r-oldrel-macos-arm64 0.7 30.00 OK
r-oldrel-macos-x86_64 0.7 48.00 OK
r-oldrel-windows-x86_64 0.7 8.00 72.00 80.00 OK

Check Details

Version: 0.7
Check: dependencies in R code
Result: NOTE Namespace in Imports field not imported from: ‘ggplot2’ All declared Imports should be used. Flavors: r-devel-linux-x86_64-fedora-clang, r-devel-linux-x86_64-fedora-gcc