Last updated on 2025-10-12 20:49:27 CEST.
Flavor | Version | Tinstall | Tcheck | Ttotal | Status | Flags |
---|---|---|---|---|---|---|
r-devel-linux-x86_64-debian-clang | 0.1.2 | 0.21 | 2.20 | 2.41 | ERROR | |
r-devel-linux-x86_64-debian-gcc | 0.1.2 | 6.21 | 44.14 | 50.35 | OK | |
r-devel-linux-x86_64-fedora-clang | 0.1.2 | 108.78 | NOTE | |||
r-devel-linux-x86_64-fedora-gcc | 0.1.2 | 100.23 | NOTE | |||
r-devel-windows-x86_64 | 0.1.2 | 9.00 | 64.00 | 73.00 | OK | |
r-patched-linux-x86_64 | 0.1.2 | 0.21 | 1.70 | 1.91 | ERROR | |
r-release-linux-x86_64 | 0.1.2 | 8.86 | 52.68 | 61.54 | OK | |
r-release-macos-arm64 | 0.1.2 | 47.00 | OK | |||
r-release-macos-x86_64 | 0.1.2 | 55.00 | OK | |||
r-release-windows-x86_64 | 0.1.2 | 10.00 | 69.00 | 79.00 | OK | |
r-oldrel-macos-arm64 | 0.1.2 | 42.00 | OK | |||
r-oldrel-macos-x86_64 | 0.1.2 | 44.00 | OK | |||
r-oldrel-windows-x86_64 | 0.1.2 | 16.00 | 78.00 | 94.00 | OK |
Version: 0.1.2
Check: package dependencies
Result: ERROR
Packages required but not available:
'loon.ggplot', 'loon.shiny', 'loon.tourr'
See section ‘The DESCRIPTION file’ in the ‘Writing R Extensions’
manual.
Flavor: r-devel-linux-x86_64-debian-clang
Version: 0.1.2
Check: dependencies in R code
Result: NOTE
Namespaces in Imports field not imported from:
‘ggmulti’ ‘loon’ ‘loon.data’ ‘loon.ggplot’ ‘loon.shiny’ ‘loon.tourr’
‘stats’ ‘zenplots’
All declared Imports should be used.
Flavors: r-devel-linux-x86_64-fedora-clang, r-devel-linux-x86_64-fedora-gcc
Version: 0.1.2
Check: package dependencies
Result: ERROR
Packages required but not available:
'ggmulti', 'loon.ggplot', 'loon.shiny', 'loon.tourr'
See section ‘The DESCRIPTION file’ in the ‘Writing R Extensions’
manual.
Flavor: r-patched-linux-x86_64