Last updated on 2025-10-12 20:49:37 CEST.
Flavor | Version | Tinstall | Tcheck | Ttotal | Status | Flags |
---|---|---|---|---|---|---|
r-devel-linux-x86_64-debian-clang | 0.1-0 | 5.89 | 65.87 | 71.76 | NOTE | |
r-devel-linux-x86_64-debian-gcc | 0.1-0 | 5.12 | 49.75 | 54.87 | NOTE | |
r-devel-linux-x86_64-fedora-clang | 0.1-0 | 113.32 | OK | |||
r-devel-linux-x86_64-fedora-gcc | 0.1-0 | 120.23 | OK | |||
r-devel-windows-x86_64 | 0.1-0 | 7.00 | 90.00 | 97.00 | OK | |
r-patched-linux-x86_64 | 0.1-0 | 5.91 | 63.74 | 69.65 | OK | |
r-release-linux-x86_64 | 0.1-0 | 6.46 | 63.40 | 69.86 | OK | |
r-release-macos-arm64 | 0.1-0 | 53.00 | OK | |||
r-release-macos-x86_64 | 0.1-0 | 86.00 | OK | |||
r-release-windows-x86_64 | 0.1-0 | 7.00 | 93.00 | 100.00 | OK | |
r-oldrel-macos-arm64 | 0.1-0 | 42.00 | NOTE | |||
r-oldrel-macos-x86_64 | 0.1-0 | 74.00 | NOTE | |||
r-oldrel-windows-x86_64 | 0.1-0 | 9.00 | 107.00 | 116.00 | NOTE |
Version: 0.1-0
Check: CRAN incoming feasibility
Result: NOTE
Maintainer: ‘Lu Tian <lutian@stanford.edu>’
No Authors@R field in DESCRIPTION.
Please add one, modifying
Authors@R: c(person(given = "Xiaodong",
family = "Luo",
role = "aut"),
person(given = "Bo",
family = "Huang",
role = "aut"),
person(given = "Lu",
family = "Tian",
role = c("aut", "cre"),
email = "lutian@stanford.edu",
comment = c(ORCID = "0000-0002-5893-0169")))
as necessary.
Flavors: r-devel-linux-x86_64-debian-clang, r-devel-linux-x86_64-debian-gcc
Version: 0.1-0
Check: LazyData
Result: NOTE
'LazyData' is specified without a 'data' directory
Flavors: r-oldrel-macos-arm64, r-oldrel-macos-x86_64, r-oldrel-windows-x86_64