CRAN Package Check Results for Package Kcop

Last updated on 2025-10-12 08:50:02 CEST.

Flavor Version Tinstall Tcheck Ttotal Status Flags
r-devel-linux-x86_64-debian-clang 1.0.0 2.35 30.42 32.77 NOTE
r-devel-linux-x86_64-debian-gcc 1.0.0 1.56 22.62 24.18 NOTE
r-devel-linux-x86_64-fedora-clang 1.0.0 48.63 NOTE
r-devel-linux-x86_64-fedora-gcc 1.0.0 46.33 NOTE
r-devel-windows-x86_64 1.0.0 5.00 50.00 55.00 OK
r-patched-linux-x86_64 1.0.0 1.83 28.51 30.34 OK
r-release-linux-x86_64 1.0.0 1.78 28.88 30.66 OK
r-release-macos-arm64 1.0.0 24.00 OK
r-release-macos-x86_64 1.0.0 33.00 OK
r-release-windows-x86_64 1.0.0 4.00 54.00 58.00 OK
r-oldrel-macos-arm64 1.0.0 18.00 OK
r-oldrel-macos-x86_64 1.0.0 28.00 OK
r-oldrel-windows-x86_64 1.0.0 5.00 59.00 64.00 OK

Check Details

Version: 1.0.0
Check: CRAN incoming feasibility
Result: NOTE Maintainer: ‘Yves Ismael Ngounou Bakam <yvesngounou20@gmail.com>’ The Description field contains Bakam and Denys Pommeret (2022) <arXiv:2112.05623> and Yves I. Ngounou Bakam and Denys Pommeret (2022) <arXiv:2211.06338>. Please refer to arXiv e-prints via their arXiv DOI <doi:10.48550/arXiv.YYMM.NNNNN>. Flavors: r-devel-linux-x86_64-debian-clang, r-devel-linux-x86_64-debian-gcc

Version: 1.0.0
Check: dependencies in R code
Result: NOTE Namespace in Imports field not imported from: ‘base’ All declared Imports should be used. Flavors: r-devel-linux-x86_64-fedora-clang, r-devel-linux-x86_64-fedora-gcc