CRAN Package Check Results for Package BGGE

Last updated on 2025-10-13 08:48:24 CEST.

Flavor Version Tinstall Tcheck Ttotal Status Flags
r-devel-linux-x86_64-debian-clang 0.6.5 2.06 25.55 27.61 OK
r-devel-linux-x86_64-debian-gcc 0.6.5 1.65 21.29 22.94 OK
r-devel-linux-x86_64-fedora-clang 0.6.5 42.96 OK
r-devel-linux-x86_64-fedora-gcc 0.6.5 40.84 OK
r-devel-windows-x86_64 0.6.5 4.00 43.00 47.00 OK
r-patched-linux-x86_64 0.6.5 2.06 26.74 28.80 OK
r-release-linux-x86_64 0.6.5 2.20 26.53 28.73 OK
r-release-macos-arm64 0.6.5 19.00 OK
r-release-macos-x86_64 0.6.5 49.00 OK
r-release-windows-x86_64 0.6.5 3.00 45.00 48.00 OK
r-oldrel-macos-arm64 0.6.5 24.00 NOTE
r-oldrel-macos-x86_64 0.6.5 45.00 NOTE
r-oldrel-windows-x86_64 0.6.5 3.00 52.00 55.00 NOTE

Check Details

Version: 0.6.5
Check: LazyData
Result: NOTE 'LazyData' is specified without a 'data' directory Flavors: r-oldrel-macos-arm64, r-oldrel-macos-x86_64, r-oldrel-windows-x86_64